rmine n(-8).
6
Let f(x) = 20*x**2 + 2*x - 3. Give f(2).
81
Let o(u) = u**2 - u + 1. Give o(-7).
57
Let h(v) = -4*v + 15. Calculate h(14).
-41
Let y(f) = -f**3 + 8*f**2 - 6*f + 2. Give y(7).
9
Let o(a) = -a - 5. Calculate o(-9).
4
Let y(o) = -5*o - 42. Give y(-10).
8
Let h(j) = 4*j - 68. Give h(17).
0
Let o(j) = 19*j. What is o(1)?
19
Let o(h) = -h**2 + 18*h + 8. What is o(18)?
8
Let s(j) = -j**3 - 7*j**2 + 6*j - 3. Calculate s(-8).
13
Let t(c) = c + 9. Calculate t(-7).
2
Let k(p) = -p**2 + 5*p + 4. Give k(7).
-10
Let t(q) = -3*q - 4. Calculate t(-4).
8
Let n(s) = s**3 - 3*s + 9. Give n(4).
61
Let m(d) = -d**3 + 4*d**2 - d - 1. What is m(4)?
-5
Let l(z) = z**2 - 9*z - 49. What is l(-4)?
3
Let g(z) = -2*z. Give g(9).
-18
Let r(b) = b**2 - 16*b + 26. Calculate r(14).
-2
Let q(m) = 5*m - 225. Calculate q(36).
-45
Let s(f) = f**3 - 10*f**2 + 4*f + 38. Calculate s(9).
-7
Let p(v) = v**2 - 2*v - 3. What is p(-2)?
5
Let n(i) = i**2 - 4*i - 16. Calculate n(5).
-11
Let v(d) = -2*d**3 + d + 2. Calculate v(2).
-12
Let q(z) = 2*z + 3. Determine q(-2).
-1
Let n(h) = h + 23. Calculate n(-16).
7
Let b(s) = 62*s - 182. What is b(3)?
4
Let o(l) = 2*l**2 - 2*l + 3. Determine o(-4).
43
Let l(j) = j**3 + 9*j**2 + 23*j + 5. Determine l(-5).
-10
Let j(h) = 2*h**2 + 5. Give j(0).
5
Let a(f) = f**2 + 18*f - 17. What is a(-19)?
2
Let l(g) = g**3 + 10*g**2 + 10*g - 30. What is l(-9)?
-39
Let i(h) = -h**3 - 9*h**2 + 13*h + 1. What is i(-10)?
-29
Let g(y) = 2*y - 4. What is g(-1)?
-6
Let f(m) = -18*m**3 + m**2 - 2*m + 2. What is f(1)?
-17
Let w(y) = y**2 - 13*y + 26. Calculate w(12).
14
Let u(i) = i**3 + 17*i**2 + 2*i + 27. Give u(-17).
-7
Let g(q) = 3*q**2 + 2*q - 1. Determine g(2).
15
Let g(d) = -d**3 + 6*d**2 - 5*d + 25. Give g(6).
-5
Let j(u) = -4*u**2 - 60*u - 214. What is j(-6)?
2
Let h(u) = -u**2 - 11*u - 16. Determine h(-9).
2
Let q(l) = 5*l + 5. What is q(-8)?
-35
Let m(t) = -4*t + 15. Determine m(4).
-1
Let s(x) = 2*x**3 + 2*x**2 - 3*x - 9. Determine s(-3).
-36
Let u(x) = -x**3 - 9*x**2 - 10*x + 32. What is u(-7)?
4
Let w(g) = -2*g + 1. What is w(-6)?
13
Let z(x) = 8*x + 132. Calculate z(-9).
60
Let q(u) = u**2 - 15*u - 14. Determine q(16).
2
Let z(t) = -2*t + 15. Determine z(8).
-1
Let d(z) = 2*z + 20. Determine d(-11).
-2
Let k(m) = -m + 27. Determine k(8).
19
Let v(c) = -c**2 - 15*c - 72. Determine v(-11).
-28
Let x(w) = w**3 + 13*w**2 + 14*w + 26. Give x(-12).
2
Let i(w) = w**2 + 15*w + 31. Determine i(-10).
-19
Let b(s) = 3*s**2 - 15*s + 8. Determine b(5).
8
Let w(v) = 6*v - 2. Give w(1).
4
Let m(s) = s**3 - 20*s**2 + 2. Determine m(20).
2
Let r(m) = -32*m. Calculate r(-1).
32
Let q(t) = t**3 - 3*t**2 - 5*t - 4. Calculate q(4).
-8
Let z(n) = -6*n + 14. What is z(11)?
-52
Let v(t) = t**3 - 12*t**2 - 28*t - 5. What is v(14)?
-5
Let i(f) = -f - 23. Determine i(-12).
-11
Let j(k) = k + 10. Determine j(9).
19
Let r(f) = -102*f - 2758. Give r(-27).
-4
Let m(a) = -a**3 + 18*a**2 - 34*a + 29. Give m(16).
-3
Let f(l) = l**2 + 3*l + 3. Calculate f(-4).
7
Let x(s) = 10*s + 4. Calculate x(2).
24
Let g(j) = 2*j - 104. Calculate g(36).
-32
Let x(u) = -7*u. Give x(-3).
21
Let p(k) = -k + 8. Give p(14).
-6
Let x(g) = -g**2 - 5*g + 3. Give x(-6).
-3
Let u(r) = 2*r**2 + 28*r + 17. What is u(-13)?
-9
Let h(n) = 45*n + 771. What is h(-17)?
6
Let s(l) = -2*l**3 + 6*l - 1. Give s(3).
-37
Let i(r) = -4*r - 2. Calculate i(0).
-2
Let z(g) = -25*g - 698. Calculate z(-28).
2
Let x(s) = -s**2 + 26*s + 17. What is x(27)?
-10
Let m(j) = -j**2 - 6*j + 4. Give m(-4).
12
Let m(o) = o**3 + 3*o**2 - 4*o + 12. Give m(-5).
-18
Let y(a) = a**2 + a - 19. Determine y(5).
11
Let a(n) = -3*n**2 + 32*n - 2. Determine a(10).
18
Let y(u) = u**3 + 4*u**2 - 13*u - 6. Give y(-6).
0
Let a(h) = 12*h**2 - 3*h + 4. Give a(2).
46
Let r(k) = -k**3 - k**2 + 3*k - 3. What is r(2)?
-9
Let c(r) = r**2 + 15*r + 2. What is c(-13)?
-24
Let w(p) = 4*p**3 + 18*p**2 - 10*p - 4. Calculate w(-5).
-4
Let j(z) = -15*z + 13. Calculate j(1).
-2
Let u(c) = 14*c + 235. Calculate u(-17).
-3
Let f(k) = -k**3 + 3*k**2 + k + 4. Determine f(3).
7
Let m(n) = -54*n - 61. What is m(-5)?
209
Let j(w) = 15*w**3. What is j(1)?
15
Let r(i) = 2*i**2 - 28*i. Calculate r(14).
0
Let l(u) = u**2 + 16*u - 16. Determine l(-17).
1
Let o(d) = -2*d**3 - 6*d**2 - 7*d + 5. Give o(-4).
65
Let w(k) = 2*k**2 + 10*k + 4. Calculate w(-7).
32
Let h(y) = 10*y**2 - y - 1. Determine h(-1).
10
Let d(b) = -2*b + 51. Give d(25).
1
Let d(o) = -6*o + 47. Calculate d(23).
-91
Let i(o) = 2*o**3 + 6*o**2 + 6*o + 7. What is i(-3)?
-11
Let n(o) = 3*o**3 + o**2 - 38. Determine n(0).
-38
Let n(o) = -2*o**2 + o. Determine n(2).
-6
Let m(d) = 4*d**2 - 27. What is m(5)?
73
Let b(w) = w**2 + 4*w + 2. Calculate b(-4).
2
Let k(t) = 2*t**3 - 16*t**2 + 2*t - 34. Calculate k(8).
-18
Let t(c) = -5*c - 52. What is t(-10)?
-2
Let o(g) = -10*g**3 + g**2 + 5*g + 3. Calculate o(-1).
9
Let s(j) = -65*j - 632. Give s(-10).
18
Let d(z) = -2*z - 12. Determine d(-9).
6
Let u(k) = -k**2 + 6*k + 4. What is u(6)?
4
Let a(y) = -y + 4. Calculate a(4).
0
Let p(o) = -o**2 + 5*o + 2. Calculate p(4).
6
Let g(m) = m**3 + 10*m**2 + 20*m - 13. Determine g(-7).
-6
Let l(p) = -p**3 - 6*p**2 + 4. Calculate l(-6).
4
Let m(l) = -l**3 + 8*l**2 - 14*l + 6. Determine m(6).
-6
Let u(g) = 4*g**3 - 42*g**2 - 24*g + 17. Calculate u(11).
-5
Let h(l) = -4*l - 35. What is h(-8)?
-3
Let f(q) = q**2 + 7*q - 38. Calculate f(-9).
-20
Let i(x) = -2*x**3 + 9*x**2 + x + 11. Calculate i(5).
-9
Let l(k) = k**3 + 6*k**2 - 2*k - 9. Calculate l(-6).
3
Let c(m) = 16*m**3 - m**2 - 2*m - 1. Give c(-1).
-16
Let n(i) = 31*i - 31. Give n(1).
0
Let l(a) = -4*a + 4. Determine l(3).
-8
Let w(n) = n + 3. Calculate w(-5).
-2
Let q(c) = -12*c - 177. Calculate q(-15).
3
Let o(k) = -10*k - 7. Calculate o(-9).
83
Let k(a) = -a**3 - 9*a**2 - 9*a - 5. What is k(-8)?
3
Let i(t) = -2*t**3 - 7*t**2 - 11*t - 27. Calculate i(-3).
-3
Let c(b) = -b - 17. What is c(-14)?
-3
Let p(j) = 66*j - 403. What is p(6)?
-7
Let q(l) = -l**2 - 12*l - 10. Determine q(-9).
17
Let i(z) = z**2 + 6*z - 20. Give i(-8).
-4
Let b(n) = n**2 - 22*n + 97. Calculate b(6).
1
Let m(k) = -35*k - 180. Give m(-6).
30
Let k(l) = -l**3 + 8*l**2 + 3*l - 17. Give k(8).
7
Let r(d) = d**2 + 27*d + 93. Give r(-23).
1
Let k(u) = -u**3 + 23*u**2 - 22*u + 32. Calculate k(22).
32
Let s(c) = 46*c - 3. Calculate s(-1).
-49
Let m(b) = 5*b**3 - 52*b**2 + 23*b - 19. Calculate m(10).
11
Let k(r) = r**3 + 7*r**2 + r - 35. Give k(-7).
-42
Let z(i) = i**2 - 3*i - 5. Give z(-6).
49
Let f(i) = i**3 + 7*i**2 + 9*i + 1. Determine f(-6).
-17
Let u(o) = -3*o + 9. Calculate u(5).
-6
Let d(s) = 5*s - 12. Give d(18).
78
Let m(b) = 2*b**2 + b - 2. Determine m(-2).
4
Let z(k) = -k**2 - 2*k + 1. Determine z(-2).
1
Let m(h) = h**3 + 7*h**2 + 8*h - 4. Calculate m(-5).
6
Let l(o) = o**3 + 7*o**2 + 7*o + 13. Determine l(-6).
7
Let d(g) = 2*g**2 - 14*g - 5. Give d(10).
55
Let r(g) = -g - 27. Calculate r(-12).
-15
Let n(r) = -6*r + 27. Give n(3).
9
Let a(h) = h**3 + 8*h**2 + 3*h - 6. What is a(-7)?
22
Let p(j) = -j**3 + 7*j**2 - 31. What is p(6)?
5
Let n(v) = 3*v**3 + 3*v**2 - 5*v - 7. What is n(-2)?
-9
Let y(i) = -i**3 + 4*i**2 + 5*i - 4. Give y(-4).
104
Let r(t) = -2*t**2 + 8*t - 19. Calculate r(7).
-61
Let f(y) = 24*y - 1. Give f(2).
47
Let p(u) = u**2 + 9*u - 10. What is p(-8)?
-18
Let d(y) = -6*y + 100. Calculate d(14).
16
Let r(v) = -v**2 - 6*v - 14. Give r(-7).
-21
Let m(l) = -l**2 + 21*l - 41. Determine m(14).
57
Let v(n) = n + 12. What is v(6)?
18
Let i(b) = -b**2 - 13*b - 12. Determine i(-12).
0
Let p(q) = -q**3 + 4*q. What is p(2)?
0
Let v(z) = 3*z - 1. Determine v(5).
14
Let i(l) = l - 12. What is i(6)?
-6
Let r(s) = 5*s**2 + 110*s - 25. Determine r(-22).
-25
Let z(s) = -s + 2. What is z(6)?
-4
Let w(f) = -3*f**2 + 15*f + 6. Determine w(5).
6
Let k(p) = 16*p - 3. Calculate k(-1).
-19
Let o(u) = 53*u - 269. Determine o(6).
49
Let s(j) = j**2 - 12*j + 15. What is s(12)?
15
Let p(f) = 2*f - 11. Determine p(-9).
-29
Let w(m) = 47*m + 102. Give w(-2).
8
Let z(w) = 5*w - 12. Give z(2).
-2
Let c(g) = -g**3 - 8*g**2 + 6*g + 42. Calculate c(-8).
-6
Let u(m) = 5*m + 5. Calculate u(15).
80
Let s(m) = -4*m + 136. What is s(30)?
16
Let c(v) = -v + 32. Give c(0).
32
Let i(h) = h**2 + 5*h + 8. What is i(-4)?
4
Let q(u